-108)/8*6/(-9)?
9
Let q(m) = -4*m**2 + 11*m + 6. Let h be q(-9). What is the units digit of h/(-7) - (-12)/(-21)?
9
Suppose -4*m + 224 + 284 = 4*u, 512 = 4*u + 2*m. Suppose z - 835 = u. What is the units digit of z?
4
Let f(n) = -2*n**3 + 117*n**2 + 382*n + 251. What is the thousands digit of f(56)?
7
Let g(q) = -10*q + 1. Let o be g(2). Let d = o - -27. Suppose -411 = -d*y + 189. What is the units digit of y?
5
Suppose -l + 0*l = -35. Let r(s) = s**2 - 40*s + 267. Let c be r(13). Let j = l - c. What is the tens digit of j?
1
Let q be 8/6*3/2. Suppose -q*w - w = -60. Let d = w + 63. What is the tens digit of d?
8
Suppose 5137*t = 5141*t - 36756. What is the tens digit of t?
8
Suppose -65*n + 68*n - 147 = 0. Let y = 205 - n. What is the hundreds digit of y?
1
Let t be -5 + (3 - 5) + 53. Suppose -4*v + 122 = -z, 4*z + t = 2*v - 8. What is the tens digit of v?
3
Let v = -770 + 770. Suppose v = -2*x - 16*u + 14*u + 2114, -5*u + 1037 = x. What is the tens digit of x?
6
Suppose -40*k = -9448 - 20840 - 37552. What is the units digit of k?
6
Suppose -28664 = -w - 4*i, -w = -0*i + i - 28643. What is the units digit of w?
6
Let t be (-3)/(9/(-12) + 0). Suppose t*y = 5*y + 4*h + 3, 2*h = 5*y - 29. Suppose -3*n + 38 = -0*n + x, 0 = y*n + 3*x - 62. What is the tens digit of n?
1
Suppose -65*x = 751344 - 2941584. What is the tens digit of x?
9
Let z(n) = 198*n - 5. Let g be z(6). Let c = g - 692. What is the tens digit of c?
9
Let r(o) = 10*o - 1. Let b(d) = -2*d**3 - 4*d**2 + d + 1. Let n be b(-2). Let j be r(n). What is the units digit of (-12)/(-8)*10/(-3)*j?
5
Let r(h) = 1143*h - 387. What is the hundreds digit of r(6)?
4
Suppose 8*o - 79 = -111. Suppose -876 = -3*h + 2*h. What is the units digit of (o/3)/((-8)/h)?
6
Suppose -13*p = 366 + 50. Let m be 42 + (-3)/((-6)/4). Let s = m - p. What is the tens digit of s?
7
Let t(h) = 2*h**2 + 12*h - 10. Let y(l) = -5*l**2 - 37*l + 29. Let a(x) = 11*t(x) + 4*y(x). What is the hundreds digit of a(-7)?
2
Let k(g) = -g**3 - 21*g**2 - 55*g - 37. Let d be k(-22). Let w = d - 1117. What is the tens digit of w?
4
Let j(b) be the second derivative of 5*b**4/6 + b**3/3 + 9*b**2/2 + 42*b. What is the hundreds digit of j(4)?
1
Let a = -481 + 880. Suppose 4*d - 5*v - a = 0, 5*d - 4*v - 119 - 391 = 0. Let f = d - 41. What is the units digit of f?
5
Let z(y) = 14*y - 45. Let x = 183 - 170. What is the units digit of z(x)?
7
What is the units digit of ((-4)/(-14) - 624/(-1344))/(1/64668)?
1
Let y be (9/6)/(-2*(-1)/100). Let b = 258 - y. What is the tens digit of b?
8
Let s = -11 - -17. Let b be 94/s - (-22)/(-33). Suppose -g + b = -1. What is the tens digit of g?
1
Suppose 2*o - 59916 - 47726 = -5*j, -j - 3*o + 21544 = 0. What is the ten thousands digit of j?
2
Suppose 119 = c + 3*x, -3*x + 236 = 4*c - 204. Let h = -15 - c. Let p = 201 + h. What is the tens digit of p?
7
Let d = -5 - 15. Let g = 23 + d. Suppose -4*s = -g*s - 208. What is the hundreds digit of s?
2
Let t be (-9)/(-2)*(206 + 32). Let w = t - 270. What is the hundreds digit of w?
8
Suppose -10*r - r + 44 = 0. Suppose 2*z + r*m - 754 = 0, -4*z + 1502 = -m + 3*m. What is the units digit of z?
5
Suppose 25*u - 30*u + 91522 = 3*n, 3*u = -3. What is the units digit of n?
9
Let g(w) = 2*w + 1. Let m(d) = -29*d + 4. Let y(t) = 5*g(t) - m(t). What is the tens digit of y(2)?
7
Suppose 1514 = 2*a + 466. Suppose 0*o = 5*u - 3*o - 2569, u = 4*o + a. What is the units digit of u?
2
Let s(b) = 2*b**3 + 10*b**2 - 8*b - 6. Let c be s(-9). Let i = c + 1017. What is the hundreds digit of i?
4
Let a = 165 - 158. Let r(f) = -2*f + 106. What is the units digit of r(a)?
2
Suppose -3*q = 3, -17*n - 309 = -20*n - 3*q. Suppose 23 = 3*o + m - n, -2*m + 86 = 2*o. What is the units digit of o?
2
What is the tens digit of 5 + (-128667)/(-35) + 0 + 2/(-10)?
8
Let b = -23 - 2. Let g = 23 + b. What is the units digit of 130/6 + g/(-6)?
2
Suppose 0*s - s + f + 73 = 0, 2*s - 176 = -4*f. Suppose v - s = -x, -3 = -5*x + 17. What is the units digit of v?
4
Let v be ((-6)/63*-35)/(4/6). Suppose v*g - 2*c - 2745 = 0, 5*g + 5*c - 2760 = 4*c. What is the units digit of g?
1
Suppose 0 = -5*f - 34 - 16. Let b be (-1 + 6)*(-162)/f. What is the units digit of b + (-3 - (-9 + 4))?
3
Suppose -94*i + 78*i + 105248 = 0. What is the hundreds digit of i?
5
Suppose q + 353 = 5*p + 37863, 4*q - 3*p - 149938 = 0. What is the ten thousands digit of q?
3
Let j = 299 + -104. What is the units digit of 449*j/135 - 4/(-9)?
9
Let k(q) = 7*q + 40. Let g(v) = 15*v + 80. Let z(x) = -6*g(x) + 13*k(x). Let j be z(27). Suppose -173 - j = -8*i. What is the units digit of i?
0
Let l be 3293/3 - (-1 - 6/(-9)). Suppose 3*i = -b + 232 + l, -5*i - b = -2218. What is the units digit of i?
4
Suppose -18*f - 14*f + 741599 = 117855. What is the ten thousands digit of f?
1
Suppose 7*v - 754 = 13393. Let y = 2976 - v. What is the hundreds digit of y?
9
What is the thousands digit of -2 - (-144762)/16 - (-156)/416?
9
What is the tens digit of 2557/7*181/3 - (-1354)/14217?
3
Let z be (-132)/(-30)*5/2 + -3. Let i be -2 + 1 + z/(-4 + 5). Suppose 0 = x - i*x + 720. What is the hundreds digit of x?
1
Let u = -658 + 954. Suppose 6*y = -4*n + 9*y + 404, -4*y - u = -3*n. What is the hundreds digit of n?
1
Suppose -19*q + 14262 = 3*z - 14*q, 4*z - 4*q = 19048. What is the thousands digit of z?
4
Let a be (1154/12)/((-27)/(-162)) - 0. Let d = 1230 - a. What is the units digit of d?
3
Let f = 29479 - 16675. What is the units digit of f?
4
Suppose -f - 411 = -4*x, -2*x + 131 + 82 = f. Suppose 3*j - 6 = -r - 63, 2*r + 4*j = -x. Let s = r - -49. What is the units digit of s?
7
Let j be 3 - (1 + 4/2) - 14. Let w be 4 + (38/j - (-4)/(-14)). What is the units digit of -2 + 4 - w/(-3)*0?
2
Let n be ((-1478)/(-4))/(3 - (-153)/(-54)). Suppose o - 3*x - 219 - 324 = 0, -n = -4*o + 3*x. What is the tens digit of o?
5
Let b(q) = -10*q**3 + 33*q**2 - 29*q - 115. What is the ten thousands digit of b(-13)?
2
Let n = 15094 + 34599. What is the hundreds digit of n?
6
Suppose -4*j = a - 115231, 5*j - 144*a = -149*a + 144035. What is the hundreds digit of j?
8
Suppose -3*d - 2*p = -25195, -16775 = -266*d + 264*d + 3*p. What is the units digit of d?
5
Let p(z) be the second derivative of z**5/20 + 5*z**4/12 - 5*z**3/6 + 3*z**2 - 3*z. Let u be p(-6). Suppose u*i - 6*i = -258. What is the tens digit of i?
4
Suppose 82*b - 77*b - 2159 = -l, 5*b = 5*l - 10945. What is the units digit of l?
4
Let j(m) = 11 + 1460*m**2 - 14*m + 16*m + 7*m. What is the tens digit of j(-1)?
6
Suppose 0*t + 5*x = t + 5, -4*x = -3*t - 4. Suppose -4*j + 35 - 15 = t. Suppose -101 = -s - j*y, 88 = s + 3*y - 15. What is the tens digit of s?
0
What is the units digit of (-216)/180*3/9*-7715?
6
Let s = -2 - -2. Suppose 5187 = 7*z - s*z. Suppose -7*g = -428 - z. What is the units digit of g?
7
Let g = 206 - 282. What is the tens digit of (-14041)/g - (-2)/8?
8
Suppose -14*b - 4340 = -2*y - 11*b, 5*y - 10828 = 2*b. Suppose y = -10*q + 16784. What is the hundreds digit of q?
4
What is the ten thousands digit of ((-105)/(-10))/((-7)/(-24682))?
3
Suppose -5*r = 0, -r - 318 = 2*g - 5*g. Suppose 19*a = -11 + g. What is the tens digit of (1/(-2))/(a/(-1030))?
0
Let w(i) = 41*i**2 - 12*i - 2. Let g(b) = -123*b**2 + 35*b + 5. Let m(y) = -4*g(y) - 11*w(y). What is the units digit of m(3)?
7
Let y(i) = -6*i + 43. Let n be 47 - 2*(-5)/10. Suppose -3*v + n - 93 = 0. What is the hundreds digit of y(v)?
1
Let c(d) = -3*d - 132. Let n be c(0). Let u = n + 219. What is the tens digit of u?
8
What is the tens digit of -87*(-2)/54 + -3 - (-169504)/9?
3
Let h = -290 + 641. Suppose -3*w + 2*u + 750 = 0, 4*w + 4*u - h = 669. What is the units digit of w?
2
Suppose 103*b = -13*b + 2614640. What is the units digit of b?
0
Let v = 34 - 56. Let g = -26 - v. What is the units digit of 1/g - -562*4/32?
0
Let k = 185 - 172. Suppose -v - 3*u + 149 = 0, 5*v - 729 = 14*u - k*u. What is the units digit of v?
6
Let l be (-2 - (0 + -3))*-3. Let g = -852 + 726. What is the hundreds digit of -2 + (2 + l)*g?
1
Suppose -3*x - 49908 = 3*a - 214689, 0 = -2*x + 10. What is the tens digit of a?
2
What is the hundreds digit of (-26)/325*-5*14380?
7
Suppose -5*q - 11*j = -9*j + 10, -j - 5 = 0. Suppose -2*a - 4*b + 792 = q, -2*a + 427 = -b - 36